 b(-28).
551
Let l(i) = -i**2 - 69*i + 17999. Determine l(104).
7
Let u(z) = -54*z**3 - 6*z**2 + z - 22. Give u(3).
-1531
Let o(f) = -f**2 - 3331*f - 29836. Determine o(-9).
62
Let d(m) = -2*m**2 - 913*m - 12828. Calculate d(-442).
-10
Let t(w) = 51*w**2 + 1080*w + 5382. Calculate t(-8).
6
Let c(g) = -3*g**3 + 285*g**2 - 281*g - 141. What is c(94)?
-47
Let r(q) = -q**3 - 152*q**2 + 425*q - 6137. Determine r(-155).
63
Let b(d) = 3*d**3 - 3*d**2 - 16*d - 22. Determine b(-3).
-82
Let o(r) = 2261*r - 7055. Calculate o(3).
-272
Let d(o) = -o**3 - 30*o**2 - 1774*o - 50601. What is d(-29)?
4
Let w(n) = -643*n - 2751. Give w(-7).
1750
Let j(x) = 3*x**3 + 8*x**2 - 29*x - 62. Give j(-2).
4
Let w(m) = 55*m**2 - 7411*m - 7409. Give w(-1).
57
Let d(q) = 26*q**3 - 381*q**2 + 32*q - 58. What is d(15)?
2447
Let g(x) = -x**3 - 38*x**2 - 118*x + 1009. Calculate g(-37).
4006
Let r(a) = 387*a + 55661. Give r(-144).
-67
Let f(o) = -1952*o + 171822. Give f(88).
46
Let v(c) = -4*c**3 + 55*c**2 - 2375*c + 33408. What is v(14)?
-38
Let y(f) = f**3 - 51*f**2 - 1284*f - 444. Determine y(70).
2776
Let b(t) = -13356*t - 1656184. Calculate b(-124).
-40
Let u(t) = -t**3 - 278*t**2 + 2184*t + 712. What is u(8)?
-120
Let w(l) = 3*l**3 - 7*l**2 - 60*l - 439. Calculate w(0).
-439
Let k(n) = 3810*n + 2636521. Calculate k(-692).
1
Let i(b) = 33*b**3 + 5*b**2 + 40*b + 47. Calculate i(-2).
-277
Let h(r) = 8*r**3 - 784*r**2 + 12*r - 1183. Determine h(98).
-7
Let m(b) = -b**3 - 122*b**2 - 239*b + 58. What is m(-120)?
-62
Let b(q) = 55*q**2 - 587*q + 2913. Give b(5).
1353
Let r(y) = y**3 + 61*y**2 + 977*y + 1985. Give r(-25).
60
Let q(w) = -4634*w + 166918. Give q(36).
94
Let k(n) = 27232*n - 708052. Determine k(26).
-20
Let n(a) = -15251*a + 91551. Calculate n(6).
45
Let s(h) = h**3 - 53*h**2 - 268*h + 13516. Determine s(52).
-3124
Let d(z) = -2979*z + 274071. Calculate d(92).
3
Let i(g) = 23076*g - 230748. What is i(10)?
12
Let b(x) = 19*x**2 - 9157*x + 18328. Determine b(2).
90
Let r(w) = -287028*w + 6888684. Calculate r(24).
12
Let c(t) = 16*t**3 - 227*t**2 - 388*t + 6018. What is c(14)?
-2
Let d(q) = 35*q**2 + 36464*q + 30187. Calculate d(-1041).
-2
Let d(o) = 1475*o**3 + 12*o**2 + 40*o - 54. Calculate d(1).
1473
Let b(r) = r**2 + 138*r + 925. What is b(0)?
925
Let a(k) = 9*k**3 - 134*k**2 + 16*k - 485. Calculate a(15).
-20
Let z(g) = g**2 - 1268*g - 45535. Calculate z(-35).
70
Let g(u) = -1020*u + 137687. Determine g(135).
-13
Let i(t) = t**3 + 72*t**2 + 278*t - 256. Calculate i(-67).
3563
Let u(n) = -138*n - 23633. Give u(-171).
-35
Let a(u) = -37*u**3 - 3*u**2 - 13*u + 29. Give a(2).
-305
Let l(t) = -12006*t + 1452637. Calculate l(121).
-89
Let b(u) = -67*u**2 + 2207*u + 143. Give b(33).
11
Let u(w) = 4*w**2 - 2915*w - 1685301. Calculate u(-380).
-1
Let g(k) = 14*k**3 - 943*k**2 - 14592*k + 429. Determine g(-13).
0
Let j(m) = -m**3 + 5*m**2 + 327*m + 164. Calculate j(21).
-25
Let x(g) = -4*g**2 + 3884*g + 51325. Calculate x(-13).
157
Let z(l) = -30*l**3 + 40*l**2 - 15*l + 4. Give z(1).
-1
Let c(r) = r**2 - 35039*r - 3760631. What is c(-107)?
-9
Let t(b) = -387*b - 6588. Calculate t(-9).
-3105
Let y(t) = -8*t**2 - 242*t - 1416. Calculate y(-19).
294
Let h(y) = -1938722*y + 5816163. Calculate h(3).
-3
Let c(t) = 12*t**2 + 2194*t + 4327. Give c(-2).
-13
Let f(z) = z**3 + 309*z**2 - 3190*z + 2. Determine f(10).
2
Let j(d) = -298*d**2 + 58709*d - 608. Give j(197).
-17
Let w(y) = y**3 - 717*y**2 + 11898*y + 30. Give w(17).
-4
Let n(x) = -52*x**3 - 2*x**2 - 143*x + 147. Determine n(1).
-50
Let v(u) = -3*u**3 - 23*u**2 + 89*u + 197. Give v(4).
-7
Let i(x) = 26841*x**2 + 80535*x + 16. What is i(-3)?
-20
Let t(p) = -p**3 + p**2 + 95*p - 80. What is t(9)?
127
Let b(s) = -154154*s - 154153. What is b(-1)?
1
Let u(j) = -j**3 - 3*j**2 + 561*j + 5943. Determine u(-13).
340
Let h(f) = f**3 + 404*f**2 + 1595*f - 10. What is h(-4)?
10
Let d(m) = -m**3 - 79*m**2 + 294*m + 29019. Give d(-78).
3
Let q(g) = 13871*g - 527101. Give q(38).
-3
Let h(k) = k**3 - 467*k**2 + 2505*k - 90099. Calculate h(462).
-9
Let q(n) = 5*n**2 - 114468*n + 1258547. Determine q(11).
4
Let u(b) = b**2 + 198*b - 13986. Calculate u(-253).
-71
Let v(i) = 11*i**3 + 195*i + 595. Determine v(-3).
-287
Let w(m) = -964*m + 9665. Give w(14).
-3831
Let o(a) = 30256*a + 454087. Determine o(-15).
247
Let z(d) = 6*d**3 + 188*d**2 + 48*d - 405. What is z(-31)?
29
Let z(o) = -4*o**3 - 5*o**2 + 94*o - 163. Give z(2).
-27
Let s(i) = 9183*i**2 - 45928*i + 51. Determine s(5).
-14
Let k(c) = -c**3 - 216*c**2 - 11129*c + 225. Give k(-131).
-561
Let l(k) = k**2 - k - 2902. Determine l(54).
-40
Let k(s) = -748274*s - 1496546. Determine k(-2).
2
Let f(z) = 2626*z - 630239. What is f(240)?
1
Let g(u) = -226*u**2 + 5027*u - 10066. Determine g(2).
-916
Let y(i) = -23*i**2 + 1970*i + 173. Determine y(85).
1448
Let v(r) = r**3 - 483*r**2 + 2389*r + 1013. Give v(478).
535
Let a(p) = 65*p**3 - 2858*p**2 - 111*p + 743. Determine a(44).
-269
Let c(g) = -43927*g - 43928. Calculate c(-1).
-1
Let x(r) = 46*r**3 + 45*r - 44. Calculate x(1).
47
Let c(l) = 5*l**3 - 38*l**2 + 72*l - 1158. What is c(9)?
57
Let k(l) = 475*l**2 + 4759*l + 186. Give k(-10).
96
Let c(s) = 4*s**3 + 201*s**2 + 76*s + 1286. Determine c(-50).
-14
Let b(p) = -9*p**3 - 138*p**2 + 264*p + 91. Give b(-17).
-62
Let l(y) = 3*y**3 - 344*y**2 + 535*y + 315. Calculate l(2).
33
Let a(v) = -5595*v + 9891953. Calculate a(1768).
-7
Let v(f) = -2*f**2 + 517*f - 25664. Give v(67).
-3
Let i(z) = -5*z**3 - 29378*z**2 + 29397*z - 20. Calculate i(1).
-6
Let w(f) = 14*f**3 - 201*f**2 + 399*f - 21. Calculate w(12).
15
Let y(b) = -397*b**2 - 149*b - 3. Give y(-1).
-251
Let q(d) = -3*d**2 - 329*d - 596. Give q(-109).
-378
Let q(i) = 9*i**2 - 248*i + 1596. Give q(12).
-84
Let l(s) = -3350*s - 7006. Give l(-2).
-306
Let o(f) = f**2 - 4845*f - 333547. What is o(-68)?
537
Let h(u) = 430*u + 3486. Calculate h(-9).
-384
Let l(a) = -3*a**2 - 249*a + 30832. Calculate l(68).
28
Let a(q) = -21*q**2 - 256*q + 6721. Calculate a(-25).
-4
Let p(t) = -62*t**2 - 20*t - 164. Give p(-5).
-1614
Let y(v) = 73*v**3 + 1676*v**2 + 336*v + 9333. Calculate y(-23).
18
Let h(v) = -4*v**2 + 276*v + 237. Calculate h(0).
237
Let l(r) = -r**3 + 203*r**2 - 3981*r + 358849. What is l(192)?
1
Let i(o) = 2*o**3 - 75*o**2 + 408*o - 10187. Calculate i(36).
613
Let z(i) = -3968*i - 341398. Calculate z(-86).
-150
Let g(j) = -3674*j + 235134. What is g(64)?
-2
Let z(k) = 2018*k - 1190614. Determine z(590).
6
Let d(r) = 2*r**3 - 79*r**2 - 5439*r - 107. What is d(-36)?
1
Let m(g) = 95*g - 8134. Determine m(77).
-819
Let a(u) = -u**3 + 158*u**2 - 14*u + 2158. Give a(158).
-54
Let m(f) = f**3 + 602*f**2 + 29*f + 11. Determine m(0).
11
Let v(a) = a**3 + 135*a**2 + 515*a - 684. What is v(-5)?
-9
Let p(m) = 264820*m + 11387261. Give p(-43).
1
Let f(r) = 251*r**2 + 118*r + 254. Determine f(-3).
2159
Let c(m) = -m**3 - 418*m**2 - 3615*m + 585. Calculate c(-9).
-9
Let k(r) = 3142*r + 47634. Determine k(-15).
504
Let d(x) = -26707*x + 480621. What is d(18)?
-105
Let i(v) = 44*v**2 + 511*v + 286. Calculate i(-11).
-11
Let l(z) = 968930*z - 11627164. What is l(12)?
-4
Let g(r) = 8*r**3 - 80*r**2 - 74*r + 1255. Determine g(9).
-59
Let i(x) = -x**3 - 247*x**2 + 2834*x - 1074. Determine i(-258).
-42
Let c(r) = 2*r**3 + 283*r**2 + 146*r + 40960. Determine c(-142).
64
Let w(h) = 221*h - 9741. What is w(40)?
-901
Let a(s) = -s**3 - 7*s**2 + 195*s + 30. Calculate a(-9).
-1563
Let p(j) = -j**3 - 187*j**2 - 192*j - 1159. Calculate p(-186).
-43
Let q(u) = -5*u**2 - 74*u - 226. Calculate q(-8).
46
Let a(i) = 1491*i + 533709. Calculate a(-358).
-69
Let i(y) = y**3 - 171*y**2 + 7391*y - 12703. What is i(93)?
38
Let x(w) = w**2 + 252*w + 15915. What is x(-96)?
939
Let b(m) = -m**2 + 543*m - 3754. What is b(536)?
-2
Let y(r) = 147*r + 91312. Determine y(-621).
25
Let j(n) = 8954*n - 35816. Calculate j(4).
0
Let a(v) = 11473*v - 240830. What is a(21)?
103
Let r(u) = -5*u**3 + 36*u**2 + 483*u - 65. Calculate r(-7).
33
Let y(p) = 44698*p + 357413. Calculate y(-8).
-171
Let f(m) = -13*m**2 - 582*m - 115. What is f(-46)?
-851
Let u(q) = 42*q**2 - 613*q + 356. What is u(13)?
-515
Let m(p) = p**2 - 436*p + 47041. What is m(195)?
46
Let r(t) = t**3 - 182*t**2 - 1743*t + 4608. Wh